 w**3 - 11*w**2 + 25*w - 9. Give x(8).
-1
Let u(y) = -y + 7. Determine u(13).
-6
Let r(z) = -21*z**2 + z - 7. What is r(3)?
-193
Let c(n) = n**2 - 9*n + 12. What is c(9)?
12
Let k(p) = p**2 + 3*p + 12. Determine k(-9).
66
Let j(a) = a**3 - a**2 + 4*a + 3. Determine j(-2).
-17
Let k(h) = -h**3 + 2*h**2 + 5*h - 3. Determine k(4).
-15
Let o(a) = -9*a - 100. Determine o(-16).
44
Let c(o) = -o**2 - 28*o - 197. Determine c(-14).
-1
Let u(a) = a**3 - 7*a**2 + 6*a + 1. Determine u(6).
1
Let u(j) = -j**3 + 20*j**2 + 29*j - 9. Determine u(21).
159
Let m(t) = t**2 + 13*t - 11. What is m(-14)?
3
Let m(f) = 11*f - 2. What is m(-3)?
-35
Let h(z) = 11*z + 151. Calculate h(-14).
-3
Let y(h) = h**2 + 7*h + 18. Give y(-4).
6
Let d(j) = -11*j - 29. Give d(-4).
15
Let i(d) = d**2 + 14*d - 24. Determine i(-14).
-24
Let u(f) = f**3 - f + 1. Give u(2).
7
Let d(q) = -q**3 - 10*q**2 + 18*q - 4. What is d(-12)?
68
Let c(x) = 2*x**3 - 3*x**2 - 3*x - 3. What is c(-2)?
-25
Let n(i) = i - 4. What is n(-2)?
-6
Let y(x) = 6*x**2 - 27*x. What is y(5)?
15
Let b(u) = u**3 + 6*u**2 + 11*u + 4. What is b(-4)?
-8
Let w(r) = r**2 - 5*r + 20. What is w(9)?
56
Let n(x) = -2*x**2 - 31*x - 36. Calculate n(-14).
6
Let g(f) = -23*f + 125. Give g(5).
10
Let p(h) = -h**3 + 4*h**2 + 9*h - 30. Calculate p(4).
6
Let j(l) = l + 7. Determine j(8).
15
Let d(v) = v**3 + 14*v**2 - 12*v + 4. What is d(-15)?
-41
Let i(k) = -k**3 - 31*k**2 - 6*k - 192. What is i(-31)?
-6
Let o(f) = -3*f - 32. What is o(-10)?
-2
Let i(w) = -w**3 - 29*w**2 + 4*w + 66. Give i(-29).
-50
Let j(b) = -8*b + 186. Determine j(24).
-6
Let n(a) = -2*a**2 - 39*a + 22. Determine n(-20).
2
Let h(b) = -5*b**2 - 5*b - 5. Calculate h(-3).
-35
Let r(s) = -8*s**2 - 4*s + 1. Give r(-2).
-23
Let i(p) = p**2 - 22*p - 223. What is i(30)?
17
Let b(m) = 5*m**3 + 2*m**2 + 3*m + 1. Determine b(-2).
-37
Let y(o) = -16*o + 182. Give y(11).
6
Let s(j) = -4*j + 29. Determine s(3).
17
Let w(i) = i**2 + 33*i + 215. What is w(-20)?
-45
Let c(j) = -2*j**2 - 3*j + 2. Determine c(-6).
-52
Let x(v) = v**3 - 21*v**2 - 20*v - 50. Calculate x(22).
-6
Let j(n) = n - 4. Give j(4).
0
Let l(v) = v**3 + 19*v**2 - 18*v - 19. Calculate l(-20).
-59
Let r(a) = 24*a**2 - 2*a - 1. Determine r(-1).
25
Let z(y) = -2*y + 13. What is z(12)?
-11
Let p(y) = y**3 - 7*y**2 + 7*y - 7. What is p(6)?
-1
Let k(i) = 13*i**2 + 2. Determine k(-2).
54
Let z(o) = 12*o**2 - 5*o - 2. What is z(-1)?
15
Let t(v) = -7*v - 2. Determine t(-1).
5
Let h(d) = 9*d + 21. Calculate h(-6).
-33
Let s(c) = c**3 - 6*c**2 + 78*c - 372. Determine s(5).
-7
Let b(r) = -r**3 - 22*r**2 + 52*r + 106. What is b(-24)?
10
Let c(s) = s**2 - 4*s - 2. Determine c(4).
-2
Let j(z) = z + 12. Determine j(19).
31
Let p(z) = -2*z + 23. Calculate p(-13).
49
Let x(b) = 3*b + 56. Give x(-16).
8
Let m(a) = -a - 10. Calculate m(9).
-19
Let p(b) = -8*b**2 + b + 7. Calculate p(-2).
-27
Let u(b) = -b**2 + 12*b + 16. Calculate u(12).
16
Let f(y) = -88*y + 868. What is f(10)?
-12
Let n(b) = -5*b**2 - 24*b - 5. Calculate n(-5).
-10
Let z(i) = 16*i**2 + 2*i - 1. Give z(-2).
59
Let s(f) = f**3 + 66*f**2 + 62*f - 166. Give s(-65).
29
Let c(t) = t**3 + 5*t**2 + 2*t - 5. Calculate c(-4).
3
Let g(d) = d**2 - 2*d - 107. Calculate g(-9).
-8
Let n(k) = k**2 - 9*k - 7. Determine n(10).
3
Let h(j) = 13*j - 3. Determine h(5).
62
Let q(w) = -w**3 - 8*w**2 - 16*w - 25. Determine q(-6).
-1
Let r(s) = s**3 - 8*s**2 + 13*s - 6. What is r(6)?
0
Let t(k) = -2*k**2 + 3*k + 1. What is t(3)?
-8
Let t(d) = -2*d**2 - 10*d + 25. Give t(4).
-47
Let v(f) = f + 3. What is v(-12)?
-9
Let s(c) = -c**2 - 28*c + 62. Give s(-24).
158
Let v(m) = 27*m - 30. Calculate v(1).
-3
Let s(g) = -g**2 + 14*g - 47. What is s(6)?
1
Let q(s) = 3*s + 36. Calculate q(-10).
6
Let r(o) = -o**2 + 7*o - 17. Determine r(5).
-7
Let o(t) = -9*t - 62. What is o(-6)?
-8
Let b(y) = y - 1. Determine b(5).
4
Let u(p) = -60*p + 6. Calculate u(2).
-114
Let j(t) = t**2 + 10*t + 29. Determine j(-4).
5
Let j(k) = -k**3 - 6*k**2 - k - 18. Determine j(-6).
-12
Let t(v) = 5*v**3 + 3*v**2 + 5*v + 1. Determine t(-2).
-37
Let v(h) = h**3 - 12*h**2 - 13*h + 10. Determine v(13).
10
Let d(s) = -2*s**2 + 7*s. Calculate d(5).
-15
Let c(z) = -5*z**2 - 3*z + 6. What is c(2)?
-20
Let n(p) = -p - 71. Determine n(20).
-91
Let g(z) = -2*z**3 - 2*z**2 + 1. Give g(2).
-23
Let w(l) = -17*l - 31. What is w(-6)?
71
Let j(n) = -4*n**3 + 7*n**2 + 9*n + 12. Determine j(3).
-6
Let t(q) = q**3 + 2*q**2 - q + 25. Determine t(-4).
-3
Let i(n) = -15*n**2 - n + 4. Calculate i(-2).
-54
Let q(i) = -6*i**2 - 56*i - 21. Determine q(-9).
-3
Let h(o) = 2*o - 12. Give h(-4).
-20
Let y(c) = -9*c + 37. What is y(4)?
1
Let o(b) = -b**3 + 18*b**2 - 17*b - 7. Determine o(17).
-7
Let g(c) = -3*c**2 + 2*c + 1. Calculate g(3).
-20
Let t(b) = -b**3 + 8*b**2 - 2*b + 16. Determine t(8).
0
Let a(s) = 2*s + 25. Determine a(-13).
-1
Let c(g) = 7*g + 9. Calculate c(-6).
-33
Let t(s) = -s**3 - s**2 + s + 21. Calculate t(0).
21
Let y(m) = m**2 - 5*m - 22. Give y(0).
-22
Let g(k) = -k - 8. What is g(-6)?
-2
Let q(s) = s**3 - 46*s**2 + 130*s - 37. Calculate q(43).
6
Let x(v) = -v**2 - 13*v - 90. Give x(-6).
-48
Let s(h) = -17*h**2 - 187*h - 6. What is s(-11)?
-6
Let m(k) = -2*k + 2. What is m(-6)?
14
Let w(v) = 59*v + 1117. Determine w(-19).
-4
Let c(p) = -14*p - 94. What is c(-9)?
32
Let o(w) = -w**2 + 29*w + 38. Give o(30).
8
Let d(w) = -w**2 + 8*w + 25. Give d(12).
-23
Let k(l) = -23*l - 1. Calculate k(1).
-24
Let s(w) = 21*w + 281. Calculate s(-13).
8
Let a(k) = -k - 10. Give a(0).
-10
Let c(h) = -h**2 + 22. Calculate c(5).
-3
Let x(r) = r**2 - 9*r + 22. Give x(7).
8
Let j(b) = 2*b**3 - 29*b**2 - 19*b + 52. Determine j(15).
-8
Let n(m) = 28*m + 4. Determine n(4).
116
Let v(u) = -u**2 - 26*u - 62. Give v(-23).
7
Let j(o) = 12*o**2 - 1. What is j(-1)?
11
Let n(p) = -p**3 - 6*p**2 - 8*p - 10. Determine n(-4).
-10
Let s(c) = -c + 6. Determine s(7).
-1
Let a(l) = l**3 + 8*l**2 + 6*l - 6. Give a(-5).
39
Let w(t) = -t**3 + 5*t**2 - t - 3. Give w(4).
9
Let p(q) = -6*q**2 + 138*q. Determine p(23).
0
Let p(v) = -v**3 - 6*v**2. What is p(-6)?
0
Let t(q) = q**3 - 4*q**2 - 6*q + 1. Calculate t(5).
-4
Let f(z) = -z**3 - 23*z**2 - 3*z - 43. Determine f(-23).
26
Let q(i) = 39*i + 27. Determine q(-3).
-90
Let b(i) = 16*i + 99. Determine b(-4).
35
Let d(k) = k**2 - 23*k + 126. Calculate d(14).
0
Let o(y) = -y**3 - 16*y**2 - 12*y - 18. Determine o(-15).
-63
Let v(o) = o**2 + 12*o + 3. Give v(-5).
-32
Let q(d) = -d**3 - 6*d**2 - 6*d - 12. Determine q(-6).
24
Let q(n) = 2*n + 108. Give q(0).
108
Let w(r) = -5*r + 18. What is w(14)?
-52
Let i(z) = z**3 - 6*z**2 + 5*z - 1. Determine i(5).
-1
Let k(g) = -g**2 - 10*g - 10. What is k(0)?
-10
Let m(z) = -z**2 + 6*z + 18. What is m(10)?
-22
Let c(u) = 2*u**3 - 4*u**2 - 7*u + 1. Calculate c(-3).
-68
Let i(o) = 10*o + 9. What is i(5)?
59
Let k(u) = 16*u - 2. Give k(9).
142
Let m(v) = 4*v**2 - 153*v + 31. Determine m(38).
-7
Let w(u) = -u**2 + 10*u - 19. Give w(8).
-3
Let j(k) = -k**3 + 8*k**2 - 16*k + 2. Give j(4).
2
Let h(l) = l + 3. What is h(0)?
3
Let k(b) = -6*b - 19. What is k(0)?
-19
Let x(z) = -z**3 + 5*z**2 - 3*z - 1. Determine x(3).
8
Let j(d) = -4*d - 1. Determine j(6).
-25
Let t(s) = -17*s + 6. Calculate t(5).
-79
Let b(g) = 6*g - 10. Calculate b(3).
8
Let i(t) = -13*t + 2. Give i(1).
-11
Let o(n) = -n**3 - 24*n**2 + 51*n + 1. Give o(-26).
27
Let p(q) = -13*q - 34. Calculate p(-3).
5
Let n(x) = -2*x**3 + 4*x**2 - 5*x + 4. Determine n(2).
-6
Let o(r) = 5*r + 12. Give o(-5).
-13
Let h(j) = -7*j. What is h(5)?
-35
Let z(j) = -53*j - 430. What is z(-8)?
-6
Let h(i) = 16*i + 25. Calculate h(-1).
9
Let b(k) = k**3 + 24*k**2 + 18*k + 23. What is b(-23)?
138
Let w(i) = -i**2 - 2*i. What is w(-3)?
-3
Let b(q) = -q**3 + 4*q**2 + 5*q. Calculate b(5).
0
Let n(z) = 6*z**2 + 31*z + 32. What is n(-1)?
7
Let t(s) = 2*s**2 - 7*s. Determine t(5).
15
Let h(u) = 6*u**2 + 4*u - 6. Give h(1).
4
Let l(f) = -f**3 - f**2 + 37. What is l(0)?
37
Let z(k) = 3*k**3 - 6*k**2 + k - 3. Determine z(3).
27
Let o(b) = -b**3 - 14*b**2 + b + 9. Determine o(-14).
-5
Let z(v) = 2*v**3 - 9*v**2 - 6*v - 2. Give z(5).
-7
Let k(m) = -m**2. Determine k(0).
0
Let r(t) = -2*t**2 + 106*t + 213. Give r(55).
-7
Let j(s) = s**3 - 7*s**2 + 7*s + 7. Give j(6).
1